
-2
Calculate 0 - (-4 - -2) - (11 + -7).
-2
What is the value of (11 - (-3 - -12)) + -3?
-1
Evaluate -3 + (2 - (6 - 8)).
1
What is the value of 19 - (5 - -6) - 3?
5
Calculate (4 - 11) + 3 + 24 + -14.
6
3 + 2 - 3 - (-12 + 21)
-7
What is the value of 1 - (-3 + 2 + 5 + -2)?
-1
-15 + 6 + 5 + -2
-6
(1 - 3) + -2 - -6 - 9
-7
5 + (2 - (-1 - -3))
5
Evaluate -2 + -1 + 5 + -10.
-8
Calculate 1 - (7 - (-7 - -6 - -3)).
-4
8 - 9 - (3 + -6) - -1
3
Calculate 3 + -9 - (-5 + -5 + 4).
0
-3 - (-11 + -5 + 11)
2
Evaluate 0 + (-3 - -6) + 1.
4
What is 4 + -5 + 5 + -9?
-5
10 - 11 - (-2 - (1 + 0))
2
Evaluate -5 + 2 + 4 + 3 + -1.
3
Calculate 6 - 4 - (-1 - (-6 + -1)).
-4
-2 + (5 - (4 + -3 + 5))
-3
What is (1 - -1) + -20 + 20?
2
Calculate 3 - (9 + 0) - (-5 - 9).
8
Calculate 19 - (-10 + 9 + 12).
8
Calculate -15 - -16 - (0 - 3).
4
(47 - 35) + (0 - 22)
-10
What is the value of (3 - -1 - 2) + -5?
-3
9 + -29 + 5 - -10
-5
Calculate -1 + 1 + (-1 - 3 - -4).
0
(-2 - 4) + 2 + 1
-3
Evaluate -2 + -6 + 8 + -2 + -2.
-4
What is 1 + (-2 - 6) - -4?
-3
Calculate -4 - -2 - (-4 - (-10 - 1)).
-9
Calculate 7 - (3 - 2) - 5.
1
What is (-53 - -56) + (-1 - -1) + -3?
0
(-4 - (1 - 10)) + 4 - 4
5
Calculate (0 - -2) + (-17 - -16).
1
2 + -4 + (-2 - 5 - -1)
-8
3 - 2 - 6 - (3 + -8)
0
What is the value of 9 + -8 + 3 - 4 - -7?
7
What is the value of (-2 - 0) + -12 + 17?
3
What is the value of 1 + -4 - (-10 - (4 + -6))?
5
Calculate -8 - -1 - -9 - (-1 - -7).
-4
Calculate -1 + -1 + 5 + -4.
-1
Evaluate (16 + -12 - (14 + -1)) + 2.
-7
Calculate (5 - 0) + 0 + -6.
-1
Calculate 3 + -3 + 8 - 11.
-3
0 + (3 - -2) - 9
-4
Calculate -3 - (-3 - 3) - -1.
4
(16 - 16) + 0 + -4
-4
What is the value of (-3 - ((-2 - -1) + -3)) + 0?
1
Calculate (2 - 5 - -4) + 3 + -5.
-1
What is the value of 4 + -4 + -3 + 3 + 2?
2
Evaluate -2 + (2 - 1 - -1).
0
-4 + 0 + -11 + 20
5
Calculate -12 + 1 + 0 + 10.
-1
What is the value of 4 + (-4 - -1) + 2?
3
Evaluate -6 + 2 - -2 - 2.
-4
What is the value of (-6 - -10) + (-8 - -2) + -4?
-6
What is the value of -14 + -1 + 11 + 8?
4
(7 - 1) + -1 + 0
5
1 - 4 - (-19 - -14)
2
-3 - -6 - (1 + -3 - -3)
2
Evaluate (-5 - 0) + (-18 - -22).
-1
Evaluate -9 + 6 + (6 - 0).
3
What is -3 + 1 + 0 + 3?
1
Calculate (-4 - -1) + -2 + (3 - 3).
-5
Calculate 9 + -11 + 2 + 5.
5
What is (4 - 1) + 14 + -14 + -7?
-4
Evaluate 0 + (-7 + (3 - -3) - -2).
1
Calculate 6 - (-3 + 1 - -12).
-4
9 + -5 + -7 + 6
3
What is the value of -42 - -42 - (-2 + 10)?
-8
Calculate -16 + 13 - (-1 - (1 + 4)).
3
What is the value of 5 + -10 - (2 - 10)?
3
-4 + (3 - -9) + (-6 - -2)
4
What is (-2 - -2) + (5 + 0 - 0)?
5
What is the value of 10 + (-9 + 7 - 8)?
0
23 - 22 - (0 + 0 + -4)
5
Evaluate 2 - (8 - (-4 - -8 - -2)).
0
What is the value of 3 + 16 + (3 - 0 - 11)?
11
Calculate 11 + (3 - 17 - -1).
-2
-2 + (7 - 6 - -2)
1
-3 - (-4 + -3) - -1
5
(98 - 96) + (-2 - -2 - 2)
0
Calculate 22 + -30 - (-1 + 0 - 4).
-3
Calculate -4 + -5 + 3 + (3 - 2).
-5
What is the value of 0 - (1 + -1) - (-199 - -195)?
4
Calculate -6 - -3 - (0 + -4).
1
-4 - (-3 + 1 + -1 + 1)
-2
Evaluate -2 - 4 - (-2 - 11 - -7).
0
0 + -3 - (2 - 3)
-2
(1 - -3) + -7 + (-1 - -10)
6
-2 - (-3 - -4) - -3
0
What is the value of -219 + 203 + (1 - -8)?
-7
What is -4 + 3 + (-2 + -1 - -2)?
-2
3 + 2 + -6 - (-1 - 2)
2
Evaluate 3 - (-12 - -6) - 10.
-1
Evaluate (7 - 1) + 11 + -21.
-4
Evaluate (-8 - (-22 - -3)) + -7.
4
What is the value of 3 - (-9 - -6 - -5) - -7?
8
0 + -6 + 2 + 3
-1
What is the value of 0 + (-1 - -5) + (8 - 8)?
4
What is the value of -7 + 8 + -6 + 7?
2
What is the value of (-7 - -9) + -1 + 1 + -6?
-4
Evaluate -2 + 2 + -3 + 5.
2
Evaluate -3 + (3 - (7 + -2)).
-5
What is the value of 12 + (0 - -1) - 9?
4
What is the value of -6 - (-10 + -3 + 7)?
0
What is -3 + 0 - (-3 + 10 - 7)?
-3
What is the value of -4 + 1 + (5 - -1)?
3
Calculate -8 + (-9 - -9) + 0.
-8
Calculate (2 - 3) + -3 + 0 - 0.
-4
Calculate -7 - -2 - (-2 - (3 + -2)).
-2
Evaluate 0 + 0 + -5 + 1 + 5.
1
(0 - 1) + -5 + (-5 - -9)
-2
5 + (-2 - -3) + -7 - 3
-4
What is the value of 11 - (-1 - (0 - 7))?
5
What is the value of (0 - -5) + (5 - (5 - -4))?
1
What is the value of (-9 - (-8 - -6)) + 5?
-2
What is -2 + 2 + (32 - 31)?
1
Calculate -5 - (-12 - -3) - (10 - 17).
11
What is -1 + 5 + (0 - -5) + -10?
-1
Calculate -3 + 5 + -7 + 1.
-4
What is the value of -7 - (-1 + 2 + -5)?
-3
What is 12 + -8 - (2 - 1)?
3
Calculate -4 + 14 + -8 + -4.
-2
What is 2 - (-4 + 4 - -2)?
0
What is 1 + 2 - 7 - -8?
4
Calculate 11 - 6 - (0 - -7).
-2
What is -6 + 1 + 13 - (0 + 4)?
4
7 - (2 + 7 - 8)
6
What is 3 + (6 - (15 - 5))?
-1
Calculate 3 - (0 + 10) - -8.
1
5 + 0 - 1 - (-18 + 17)
5
What is the value of -15 - -8 - (-2 + (-2 - 3))?
0
What is 4 + (-16 + 4 - -2) + 2?
-4
What is the value of -2 + 2 + (-1 - -1)?
0
4 + -14 + (2 - -2)
-6
Evaluate (1 + 4 + -2 - 1) + -4.
-2
What is -215 + 204 - (-5 - (2 - 1))?
-5
Evaluate (-1 - 0) + 4 - (3 + 6).
-6
Evaluate (7 - 5 - 5) + (1 - -5).
3
Evaluate -2 - (-3 - -5 - 7) - 6.
-3
10 - 1 - (-1 - -5)
5
What is -1 - ((2 - 9) + 12 + -6)?
0
What is the value of 9 - (18 + 1 + -12 + 11)?
-9
What is 8 - ((11 - 4) + 10)?
-9
3 - (7 + (0 - 7))
3
What is the value of 0 + (-3 + -4 - -7)?
0
What is -3 + (10 - 5) + -3?
-1
What is -3 + 2 + (-32 - -28)?
-5
What is 6 + (-12 - (6 - 6))?
-6
Evaluate (-3 - (-7 - -5)) + (1 - -1).
1
(2 - 4 - 2) + (6 - 3)
-1
Evaluate 7 + -3 - 0 - 1 - 1.
2
Calculate 3 - ((16 - 0 - 5) + -3).
-5
What is the value of -3 + (5 - 7) + 8 + -12?
-9
Evaluate 5 + (-12 + -6 - (-9 + 2)).
-6
What is the value of 0 + 9 + -1 - (4 + -1)?
5
What is -2 + 0 + -2 - -3?
-1
Evaluate -2 + (2 - (3 - -4)).
-7
11 - (4 + -12 + 19)
0
What is 1 + (-3 - (-3 - 0)) + 3?
4
Evaluate 0 + (0 - (-2 + -4)).
6
What is the value of 3 - (1 + (-2 - -5))?
-1
Calculate (-6 + 16 - 0) + -7.
3
What is (-2 - 0) + (3 - 6) + 0?
-5
What is -2 + (1 + -4 - -6)?
1
What is the value of 5 + (-2 - (2 - (0 + 7)))?
8
Calculate -6 + (3 - 0) + (22 - 27).
-8
8 + (8 + -1 - 19) + 13
9
Evaluate -8 + (-9 - (-9 - -1)).
-9
Evaluate 1 - 5 - (-86 - -86).
-4
Calculate -6 + (10 + -3 - (-1 + 4)).
-2
Calculate (0 - ((-3 - 1) + 4)) + 6.
6
0 - (-4 - -4 - (3 - -1))
4
What is the value of -3 + -4 - (9 - 13)?
-3
Calculate 0 - 1 - (-8 + (20 - 15)).
2
What is 0 + -6 - (5 - (3 - -6))?
-2
-4 + (-8 - (5 + -22))
5
What is the value of (3 + 2 - 5) + (0 - 0)?
0
Calculate (0 + -4 - -14) + (-2 - 1).
7
-2 - (-5 + 6 - 2)
-1
What is 0 + 12 + (53 - 73)?
-8
Evaluate -1 + -2 - (1 + 0 + 2).
-6
(-10 - (-16 + (7 - -2))) + 2
-1
Calculate 10 + -2 + -2 + -3.
3
-3 + -1 - (5 - (2 - -3))
-4
Calculate 4 + (1 - -1) - (-2 + 14).
-6
Calculate -4 - ((-2 - -2) + -1).
-3
Evaluate -3 - (0 - 4) - 1.
0
(-136 - -138) + 0 + (-4 - 1)
-3
-7 - (2 + (-5 - -4) + -5)
-3
-1 - ((-4 - -6) + -6 + 8)
-5
Calculate 2 + (-2 - (-1 + (0 - 0))).
1
What is 1 + -1 - (1 + -5)?
4
Calculate -4 + 0 - (-18 - (-16 - 2)).
-4
Evaluate -6 + 6 - 12 - -8.
-4
Evaluate -13 - -9 - (-2 - -1).
-3
What is 7 + (-11 - 7) - -4?
-7
What is the value of 8 - (2 + (4 - (-4 - -11)))?
9
0 - (2 + -2 + -7 - -6)
1
(-6 + 4 - 3 - -6) + -5
-4
Calculate 5 + 4 + -4 - 2.
3
-7 + 1 + 4 + -6 + 3
-5
(19 - 8) + 15 + -27
-1
(30 - 32) + (1 - (-4 - -1))
2
-8 + (-7 + 15 - (5 - 0))
-5
What is the value of 7 + -7 + (-4 + 9 - 2)?
3
What is the value of -2 + (7 + -7 - (2 - 2))?
-2
Calculate 5 + (-3 - -4 - 2) + 1.
5
What is -38 - -40 - (-2 + 0 + -1)?
5
Calculate -3 + 16 + -7 + -4.
2
0 - (4 + -4 - 5)
5
Calculate 2 + (-1 - -6 - (30 + -27)).
4
What is the value of (5 - -1) + 5 + -11 + 4?
4
Evaluate -8 - 1 - (-107 + 102).
-4
-4 - (-5 + (0 + -6 - -6))
1
What is the value of 1 + (5 - -1) - (-614 + 610)?
11
32 + -32 + (7 - 2) + -2
3
Calculate -1 + 10 - (11 - 10) - 4.
4
Calculate -4 + (3 - -2) + -4.
-3
What is 4 + (-16 - -12) + 3?
3
-55 - -57 - (-1 - -1)
2
Calculate (-4 - -8 - 3) + -3.
-2
3 - (-2 + 1 + 1 + 1)
2
Evaluate -1 - (-6 - 0) - 7.
-2
Evaluate -1 + 8 + (17 - 23).
1
2 - 6 - (-3 + -2 + 2)
-1
Calculate (12 - (25 - 3)) + 1.
-9
1 + -5 - (-18 + (19 - 8))
3
What is (2 - (0 - 1)) + -2?
1
What is the value of (-11 - (-7 + 2)) + 10 + -3?
1
Evaluate -7 + -3 + 4 - -4.
-2
Calculate -5 - (-6 + 11 + -6).
-4
What is -3 - (18 + -18 + (-2 - 5))?
4
Calculate 12 + (10 - (6 - -13)).
3
What is the value of -6 + -1 + 0 - (-4 + 1)?
-4
What is the value of -4 - 0 - (3 - 12)?
5
Calculate -1 + 3 + (0 - (4 - 2)).
0
-3 + 0 - (15 + -11 + -7)
0
What is